{"id":352,"date":"2019-12-17T23:23:45","date_gmt":"2019-12-17T23:23:45","guid":{"rendered":"https:\/\/altascumbres.es\/?post_type=product&#038;p=352"},"modified":"2026-04-06T21:03:29","modified_gmt":"2026-04-06T21:03:29","slug":"viaje-en-globo","status":"publish","type":"product","link":"https:\/\/altascumbres.es\/index.php\/product\/viaje-en-globo\/","title":{"rendered":"VIAJE EN GLOBO"},"content":{"rendered":"<p><span style=\"font-size: 14pt;\">La aventura de volar en globo es una de las actividades m\u00e1s excitantes de Turismo Activo y Turismo de Aventura que se desarrollan en Andaluc\u00eda.<\/span><br \/>\n<span style=\"font-size: 14pt;\">La zona sur de Espa\u00f1a es un lugar id\u00f3neo para disfrutar de los vuelos en globo y vivir la apasionante aventura que te ofrecen los deportes a\u00e9reos como la Aerostaci\u00f3n.<\/span><br \/>\n<span style=\"font-size: 14pt;\">Vive una experiencia inolvidable disfrutando de un vuelo en globo con el que podr\u00e1s contemplar desde una nueva perspectiva paisajes como los del pr\u00f3ximo Geoparque de Guadix, Arcos de la Frontera, Ronda, Granada, Antequera o Sevilla. Siente una nueva forma de aventura extraordinaria y totalmente segura.<\/span><\/p>\n","protected":false},"excerpt":{"rendered":"<p>VIAJE EN GLOBO<\/p>\n","protected":false},"featured_media":368,"template":"","meta":[],"class_list":["post-352","product","type-product","status-publish","has-post-thumbnail","hentry","product_cat-excursiones","product_tag-viajar-en-globo"],"_links":{"self":[{"href":"https:\/\/altascumbres.es\/index.php\/wp-json\/wp\/v2\/product\/352","targetHints":{"allow":["GET"]}}],"collection":[{"href":"https:\/\/altascumbres.es\/index.php\/wp-json\/wp\/v2\/product"}],"about":[{"href":"https:\/\/altascumbres.es\/index.php\/wp-json\/wp\/v2\/types\/product"}],"wp:featuredmedia":[{"embeddable":true,"href":"https:\/\/altascumbres.es\/index.php\/wp-json\/wp\/v2\/media\/368"}],"wp:attachment":[{"href":"https:\/\/altascumbres.es\/index.php\/wp-json\/wp\/v2\/media?parent=352"}],"curies":[{"name":"wp","href":"https:\/\/api.w.org\/{rel}","templated":true}]}}